ainder when 504166 is divided by 10468?
1702
What is the remainder when 908512 is divided by 43240?
472
What is the remainder when 1644040 is divided by 116?
88
Calculate the remainder when 254597 is divided by 84839.
80
What is the remainder when 583068 is divided by 430?
418
Calculate the remainder when 373696 is divided by 3733.
396
Calculate the remainder when 1184726 is divided by 10125.
101
Calculate the remainder when 6352959 is divided by 16.
15
What is the remainder when 255050 is divided by 914?
44
What is the remainder when 25191 is divided by 11459?
2273
Calculate the remainder when 14195 is divided by 6808.
579
Calculate the remainder when 8080 is divided by 7277.
803
Calculate the remainder when 6400786 is divided by 492361.
93
Calculate the remainder when 1751737 is divided by 135.
112
What is the remainder when 952531 is divided by 62?
25
What is the remainder when 3078991 is divided by 26?
19
Calculate the remainder when 9643569 is divided by 47.
15
What is the remainder when 121590 is divided by 39708?
2466
What is the remainder when 598477 is divided by 7041?
7033
Calculate the remainder when 44054562 is divided by 1332.
1326
What is the remainder when 11176888 is divided by 2523?
2521
Calculate the remainder when 351134 is divided by 253.
223
What is the remainder when 5489678 is divided by 26?
12
Calculate the remainder when 581102 is divided by 241.
51
What is the remainder when 120870 is divided by 5558?
4152
What is the remainder when 783524 is divided by 27980?
84
Calculate the remainder when 140215 is divided by 15566.
121
What is the remainder when 3669945 is divided by 104?
97
Calculate the remainder when 1170952 is divided by 257.
60
Calculate the remainder when 21202 is divided by 598.
272
Calculate the remainder when 27519 is divided by 27242.
277
Calculate the remainder when 2552895 is divided by 319111.
7
What is the remainder when 1893515 is divided by 4596?
4559
Calculate the remainder when 3209064 is divided by 4378.
4368
Calculate the remainder when 147401 is divided by 3883.
3730
What is the remainder when 2861860 is divided by 367?
361
Calculate the remainder when 11094508 is divided by 3213.
19
What is the remainder when 48349 is divided by 209?
70
What is the remainder when 2092694157 is divided by 12?
9
What is the remainder when 1273403 is divided by 10?
3
What is the remainder when 76269269 is divided by 1366?
25
What is the remainder when 12108564 is divided by 161447?
39
Calculate the remainder when 6154447 is divided by 384651.
31
What is the remainder when 346578 is divided by 86313?
1326
Calculate the remainder when 187984 is divided by 315.
244
What is the remainder when 8605 is divided by 7827?
778
What is the remainder when 696279 is divided by 62?
19
Calculate the remainder when 151562 is divided by 14213.
9432
What is the remainder when 2015012 is divided by 8648?
28
Calculate the remainder when 7194822 is divided by 165.
162
What is the remainder when 987545 is divided by 987504?
41
Calculate the remainder when 7500648 is divided by 1364.
12
What is the remainder when 2540721 is divided by 2168?
1993
What is the remainder when 116899894 is divided by 41?
38
What is the remainder when 3245488 is divided by 81134?
128
What is the remainder when 3096836 is divided by 319?
303
What is the remainder when 53516 is divided by 943?
708
Calculate the remainder when 8649732 is divided by 2659.
5
Calculate the remainder when 1093853 is divided by 68.
5
Calculate the remainder when 1134138 is divided by 16.
10
What is the remainder when 21570536 is divided by 55?
31
What is the remainder when 19748512 is divided by 379779?
4
What is the remainder when 199443 is divided by 1525?
1193
Calculate the remainder when 844522 is divided by 49.
7
What is the remainder when 14341958 is divided by 7170936?
86
Calculate the remainder when 19266 is divided by 19254.
12
Calculate the remainder when 5674002 is divided by 515817.
15
What is the remainder when 37640958 is divided by 80?
78
Calculate the remainder when 6631171 is divided by 9555.
1
Calculate the remainder when 967349 is divided by 13622.
187
What is the remainder when 2583841 is divided by 2642?
2607
Calculate the remainder when 1466852 is divided by 266.
128
Calculate the remainder when 331844 is divided by 12749.
370
Calculate the remainder when 759467 is divided by 5128.
523
Calculate the remainder when 540594 is divided by 3763.
2485
What is the remainder when 5220334 is divided by 2946?
22
Calculate the remainder when 52370766 is divided by 110.
96
What is the remainder when 26627 is divided by 8666?
629
Calculate the remainder when 99299 is divided by 9761.
1689
Calculate the remainder when 36233843 is divided by 18116919.
5
Calculate the remainder when 5460415 is divided by 55.
15
Calculate the remainder when 428066 is divided by 106929.
350
Calculate the remainder when 1511406 is divided by 249.
225
Calculate the remainder when 27028 is divided by 575.
3
Calculate the remainder when 47125342 is divided by 483.
481
What is the remainder when 1572283 is divided by 2523?
454
Calculate the remainder when 169896573 is divided by 24.
21
Calculate the remainder when 28906612 is divided by 1347.
1339
Calculate the remainder when 510852 is divided by 72952.
188
Calculate the remainder when 43483 is divided by 13099.
4186
Calculate the remainder when 437547 is divided by 723.
132
Calculate the remainder when 60505 is divided by 86.
47
Calculate the remainder when 133336 is divided by 431.
157
What is the remainder when 545533541 is divided by 5706?
5705
What is the remainder when 9360886 is divided by 65006?
22
What is the remainder when 559931709 is divided by 59?
56
Calculate the remainder when 2266 is divided by 1109.
48
Calculate the remainder when 53224497 is divided by 230.
197
What is the remainder when 53619 is divided by 2725?
1844
What is the remainder when 1102279 is divided by 13?
9
What is the remainder when 11006594 is divided by 6811?
18
Calculate the remainder when 6280090 is divided by 452.
2
What is the remainder when 1520802 is divided by 380072?
514
What is the remainder when 31562530 is divided by 77170?
0
Calculate the remainder when 11501075 is divided by 1119.
1112
Calculate the remainder when 74068920 is divided by 1465.
1450
What is the remainder when 441056 is divided by 8481?
44
Calculate the remainder when 10984133 is divided by 17.
8
What is the remainder when 275342 is divided by 578?
214
Calculate the remainder when 13525774 is divided by 56.
38
What is the remainder when 3677360 is divided by 299?
258
What is the remainder when 201895 is divided by 1638?
421
What is the remainder when 87965092 is divided by 349?
340
Calculate the remainder when 50584212 is divided by 2265.
2232
What is the remainder when 465914 is divided by 4395?
44
Calculate the remainder when 162982 is divided by 10985.
9192
What is the remainder when 210452 is divided by 21045?
2
What is the remainder when 473672 is divided by 4412?
1588
Calculate the remainder when 47562527 is divided by 119.
12
Calculate the remainder when 2340014 is divided by 73.
72
Calculate the remainder when 1490855 is divided by 212970.
65
What is the remainder when 5444687 is divided by 94?
19
Calculate the remainder when 1450097350 is divided by 36.
34
What is the remainder when 2662733 is divided by 91818?
11
Calculate the remainder when 3873732 is divided by 260.
252
What is the remainder when 161390 is divided by 161291?
99
Calculate the remainder when 498720 is divided by 289.
195
Calculate the remainder when 18688 is divided by 1273.
866
What is the remainder when 4214000 is divided by 2138?
2
Calculate the remainder when 10153580 is divided by 2193.
2183
Calculate the remainder when 19827738 is divided by 213.
207
Calculate the remainder when 17286996 is divided by 8643491.
14
What is the remainder when 59358 is divided by 1414?
1384
Calculate the remainder when 182360496 is divided by 223481.
0
Calculate the remainder when 37167318 is divided by 230.
8
What is the remainder when 140263 is divided by 935?
13
Calculate the remainder when 7871783 is divided by 171.
140
What is the remainder when 3441 is divided by 77?
53
What is the remainder when 83143 is divided b